 = -4*b - 112, 5*u = y*b + 94 + 500. What are the prime factors of u?
2, 3, 5
Let b be (-4)/((-8)/27390) + 0/22. What are the prime factors of (b/(-20))/(27/(-36))?
11, 83
Let s = 36277 - 24611. Suppose -17*a = -36*a + s. List the prime factors of a.
2, 307
Let u = 10944 - 348. List the prime factors of u.
2, 3, 883
Let s = -35 + 44. Let j be (-2)/3*(3 - s - 3). Let y(g) = 13*g - 11. What are the prime factors of y(j)?
67
Let r(a) be the second derivative of -13*a**3/2 + 7*a**2/2 - 21*a + 1. What are the prime factors of r(-9)?
2, 179
Let a = -19 + 5. Let j = a - -14. Suppose -y + 4*s + 108 = j, -s = -3*y - 4*s + 369. What are the prime factors of y?
2, 3, 5
Suppose -3*v = -2*v - 5. Suppose 0 = 4*s + v*z - 0*z - 619, 0 = -2*s - z + 311. Suppose 25 = 5*i, i - 17 + s = 3*m. List the prime factors of m.
2, 3
Let o(p) = -p**2 - p. Let j be o(0). Suppose 5*i + r - 19 = j, -4*i - 3*r + 27 = i. Suppose 9 - 249 = -i*l. List the prime factors of l.
2, 5
Suppose -5*w + 4*t = -15, 0*t - 9 = -3*w + 3*t. Suppose 0 = -11*h + 8*h - 3*c + 1155, w*c - 3 = 0. List the prime factors of h.
2, 3
Let u = -68 - -66. List the prime factors of 226*((-54)/(-12) + u).
5, 113
Let l(i) = i**2 - 4. Let z be l(3). Suppose 147*u = -35 + 770. Suppose -25 = z*h, -3*x - 4*h + u*h + 557 = 0. What are the prime factors of x?
2, 23
What are the prime factors of (12/(-14))/(92/(-714518))?
3, 7, 317
Suppose 9 = 5*i - 11. Suppose 0 = -0*g - i*g - 28. Let p(u) = 3*u**2 + 19*u - 11. What are the prime factors of p(g)?
3
Suppose -4*v - w = 2, -4*v - 5*w = 4 + 6. Let z(i) = i**3 + i**2 - i - 365. Let o be z(v). Let l = o + 543. List the prime factors of l.
2, 89
Let g = 3740 + 15941. What are the prime factors of g?
19681
Let n be 5*(-2)/5 - -7. Suppose -3*v = m - 6*m - 2530, 0 = -n*v - 2*m + 4196. List the prime factors of v.
2, 3, 5, 7
Let s(a) = -5*a + 34. Let c be s(6). Suppose -c*u = -0*u - 3*d - 105, -4*d + 4 = 0. Let x = u + 80. What are the prime factors of x?
107
Suppose -34*l + 129812 = -140420. List the prime factors of l.
2, 1987
Let q = -8513 + 11744. List the prime factors of q.
3, 359
Let n(b) = 5*b**2 + 3*b + 1. Suppose 4*t - 3*j = -6*j + 28, -5*j + 8 = -3*t. Suppose 13*q - 12*q + t = 0. What are the prime factors of n(q)?
3, 23
Suppose 0 = 2*f + 3*w - 870, 480 = 3*f + 4*w - 825. Let a = f - 412. List the prime factors of a.
23
List the prime factors of (0 + 15/(-6))*283692/(-705).
2, 503
Suppose 11 = x - 26. Suppose 42*p - x*p - 5680 = 0. Suppose t + 7*t = p. List the prime factors of t.
2, 71
Suppose 2*u - 8 = g - 19, 2*g + 2 = -4*u. Let z = 37 - u. Let v = z - 2. List the prime factors of v.
2, 19
Let d be ((-22)/6)/(12/84)*-90. Suppose 0 = -4*s + 110 + d. What are the prime factors of s?
5, 11
Let o(q) = 2*q**2 + 13*q + 80. Let k(a) = -15*a + 234. Let y be k(16). List the prime factors of o(y).
2, 37
Let c = -87 + 102. Let s be 3/c + 0 + 220/25. Suppose 1448 = s*h - 631. List the prime factors of h.
3, 7, 11
Let u(z) = 9*z - 259. Let k be u(29). What are the prime factors of (((-34)/51)/(k/147))/(-1)?
7
Suppose w = -5*q + 5, -q + 3*q = w - 5. What are the prime factors of (4 + (-4123 + -2)/w)*-1?
821
Let t = -16 + 18. Suppose 5*c = t*c - 30. What are the prime factors of (2 - 56/20)*c?
2
Let a = 34961 - -9569. What are the prime factors of a?
2, 5, 61, 73
What are the prime factors of ((-106563)/24)/((-9)/(-9 - -81))?
35521
Suppose 4*q = 3*g + 4, 4*q - 6 = 10. Suppose -2*w - 3718 = -5*v, -3*v + g*v - w = 743. List the prime factors of v.
2, 3, 31
Suppose x + 2 = 1. Let z be (15 + -15)/(x - -2). Suppose -2*m = m - h - 478, 4*m - h - 639 = z. List the prime factors of m.
7, 23
Let i = -19007 + 23955. What are the prime factors of i?
2, 1237
Suppose f - 8082 = -4*q, 26*q - 24*q = -4*f + 32244. What are the prime factors of f?
2, 3, 17, 79
Suppose 1 + 8 = n - 3*f, -5*n - 4*f + 7 = 0. Suppose n*a - 776 = 16. Suppose -8*z + 10*z = a. What are the prime factors of z?
2, 3, 11
Suppose 1156*h = 1168*h - 139692. What are the prime factors of h?
7, 1663
Let w = 23734 - 9067. Suppose -21984 - w = -19*k. What are the prime factors of k?
3, 643
Suppose 10*i - 85241 = 16179. List the prime factors of i.
2, 11, 461
Let s = 14 - 16. Let r be 3/s*1*(-2530)/15. List the prime factors of r/(-22)*(-7 - -1).
3, 23
Let k(l) = l**3 + 108*l**2 + 230*l + 296. What are the prime factors of k(-105)?
9221
Let p(y) = 155*y**2 + 8*y + 48. Let i be p(-6). Suppose 0 = -31*o + 11*o + i. What are the prime factors of o?
3, 31
Let p(r) = r**3 - 2*r**2 - 3*r - 15. Let a be p(5). Let c be 6/(1 - 0 - a/18). What are the prime factors of ((-4)/(-3))/(c/(-378))?
2, 3, 7
Suppose -4*y - 5918 = -5*t, -18*t + 3*y + 4734 = -14*t. Suppose -t - 238 = -4*b. What are the prime factors of b?
5, 71
Let x be (-4)/(-1*(-10)/(-25)). Suppose d - x = -d, 4*i - 5*d = 339. Suppose 2*z - 7*z = 2*v - i, -39 = -3*z + 4*v. What are the prime factors of z?
17
Let p = -182 - 1396. Let g = 7 - p. List the prime factors of g.
5, 317
Let i = -2413 + 3120. What are the prime factors of i?
7, 101
Suppose 0 = h - 0*h - 5*h. Suppose -i = -h*i - 2*i. Suppose i = -7*n + 140 + 182. List the prime factors of n.
2, 23
Let x be (-6870)/(-9)*(-25 - -37). List the prime factors of (-4)/7 - x/(-7).
2, 3, 109
What are the prime factors of 99074/2 - (22 - 43)?
2, 71, 349
Suppose 4*u - 196534 = -5*y, -4*y + 5*u + 78640 = -2*y. List the prime factors of y.
2, 5, 3931
Suppose -11819 = 17*a - 42793. Suppose 6*v = a - 304. What are the prime factors of v?
11, 23
Let l = 592 - 547. List the prime factors of -4 + 186/45 + 42924/l.
2, 3, 53
Let c = -1230 - 2075. Let l = c + 5105. List the prime factors of l.
2, 3, 5
What are the prime factors of (((-49)/4)/((-21)/24))/(2/4647)?
3, 7, 1549
Let r(l) = -4*l**2 - 29*l + 4. Let p be r(-12). What are the prime factors of ((-54600)/p)/((-1)/4*-1)?
3, 5, 13
Let j(q) = 4072*q**2 + 373*q + 1473. What are the prime factors of j(-4)?
3, 7237
What are the prime factors of (21 - 12)/(-3) - -5570?
19, 293
Suppose 500 = 7*d - 333. Suppose -10*l + 1951 + d = 0. List the prime factors of l.
3, 23
Let s = 758 + -763. Let j(a) = -73*a - 1. What are the prime factors of j(s)?
2, 7, 13
Let o = 37927 + -25010. List the prime factors of o.
12917
Suppose 0 = 28*o - 32*o + 1900. Let d = -238 + o. List the prime factors of d.
3, 79
Let g = -896 - -2166. Let y = g - 768. List the prime factors of y.
2, 251
Let k be -5 - (10 + -13) - (-3 + -1). Suppose 1960 = k*w + 4*h, -3*w - 12*h + 2960 = -11*h. List the prime factors of w.
2, 13, 19
What are the prime factors of (76087/33)/((-9)/(-81))?
3, 6917
Let s be 1/(0 - (-3)/(-33)). Let t be (-84)/(-22) - 2/s. Suppose 5*i + 10 = 3*i, 348 = 4*w - t*i. List the prime factors of w.
2, 41
Let n(v) = 608*v - 1186. What are the prime factors of n(40)?
2, 43, 269
Suppose -j + 8 = 10. Let l be (j + -3 + -7)/(-2). Suppose -9*r = -l*r - 69. List the prime factors of r.
23
Suppose 0 = j + 28*k - 23*k - 15541, -3*j - 3*k + 46671 = 0. List the prime factors of j.
3, 7, 13, 19
Suppose 97105 = 4*s - 3*v, -s + 12067 = -3*v - 12189. List the prime factors of s.
7, 3469
Let x(z) = 3*z**2 - 7*z - 4. Let c be x(-5). Let p = c - 81. Suppose m - p = -4*m, 3*v - 4*m = 154. What are the prime factors of v?
2, 29
Let b = 893 + -185. Let g = -350 + b. List the prime factors of g.
2, 179
List the prime factors of (-1)/((-9)/18) - -4380.
2, 7, 313
Let f be 12/(-18)*6 + 0 + 0. Let m = f + 22. Let g = m - -9. What are the prime factors of g?
3
Suppose -d + 122 = -2*b - 426, -b = 1. Suppose -10*u + 12306 = d. List the prime factors of u.
2, 3, 7
Suppose 81954 = -16*f + 240418. What are the prime factors of f?
2, 619
Let a be 72*(-5)/(-3)*(-28)/(-70). Suppose -10*l = 6*l + a. List the prime factors of 32/(-48) + (-404)/l.
2, 67
List the prime factors of (13 - (-10 + -2344)) + 7.
2, 1187
Let k(q) = -32*q + 22*q + 30*q - 21 - 5. What are the prime factors of k(14)?
2, 127
Suppose -38*g + 41*g = 2*i - 28, 2*i = -g + 4. What are the prime factors of (g/21 - 60/35) + 963?
31
Suppose -2701177 + 813337 = -227*m + 182*m. List the prime factors of m.
2, 3, 19, 23
Let l(q) be the second derivative of -q**5/20 + 5*q**4/3 - 2*q**3 + 21*q**2/2 + 39*q. Let i be l(19). Let c = 391 - i. List the prime factors of c.
3, 79
Let s = 514 -